 of f?
2
Suppose -5*n - 2 = -3*m, -m = 3*n - n + 3. Let s be (5 + -8)*2/(-6). List the prime factors of (s - -2) + (-1 - n).
3
Suppose 0 = 3*q + 2*q + 25, 5*x - 45 = 4*q. Let c(l) = 4 + l**3 + 7*l**2 - l - x*l**3 + 5*l**3. What are the prime factors of c(-7)?
11
Let s be 1 + (-1)/(-1) + 2. Let g(j) = j**2 - 2*j - 2. Let q be g(4). Suppose f = -s + q. What are the prime factors of f?
2
Suppose 0 = 2*l + 4*y - 42, 3*l = -y - 33 + 111. Let j = 50 - l. What are the prime factors of j?
23
Suppose 4*v - 100 = -v. List the prime factors of v.
2, 5
Let x(s) = 10*s**2 + s - 1. Let m be x(2). Suppose -y - 154 = m. What are the prime factors of y/(-9) - 6/9?
3, 7
Suppose 3*j = 2*j. Let l(n) = 4*n - n + j*n - 4 + n**2. List the prime factors of l(3).
2, 7
Let s = -21 - -18. List the prime factors of 34 + s/(6/(-4)).
2, 3
Let k = -53 + 266. What are the prime factors of k?
3, 71
Suppose -5*p = -4*a - 171, p + 3*a - 12 = 7. Suppose 2*h - p = 23. What are the prime factors of h?
3
Let p = -4 - -4. Suppose -2*q + 10 = p, -5*q = -t - q - 30. List the prime factors of (-96)/t + 12/30.
2, 5
Let f be (-27)/6*4/(-6). Suppose 0 = -2*d - f*c + 404, d + 5*c = 2*d - 202. What are the prime factors of d/18 + (-2)/9?
11
Let l = -4 + 4. Let c(v) = -v + 10. Let g be c(l). Suppose -g = -2*x, -2*k + 0*k - 4*x = -30. List the prime factors of k.
5
Let p be (4 - 5)*-1*2. Let s(q) = -3*q - 4 + 5*q + 0 - p. What are the prime factors of s(4)?
2
Suppose -5*b - 6 = 2*c - 2, -2*b - c - 1 = 0. What are the prime factors of 19/7 + b/(-7)?
3
Let x(f) = -f**3 - 2*f**2 + 0*f**3 + 2*f + 2 - 3*f**2. Let l be x(-5). List the prime factors of 13/5 - l/20.
3
Let g(w) be the third derivative of -w**6/120 + 3*w**5/20 + w**4/12 + w**3/3 + w**2. Let j be g(9). Let y = -2 + j. What are the prime factors of y?
2, 3
Suppose 0 = -3*m + 2*a + 34, -3*m - 2*a + 12 = -2. List the prime factors of m.
2
Let c(p) = p**3 + 7*p**2 - 12*p. Let a be -4*3/(-6) + -11. Let n be c(a). List the prime factors of n/(-10) - (-2)/(-5).
5
Let b = 4 + -1. Suppose -6*s + 3*s = -3. What are the prime factors of b + -2 + 12*s?
13
Let g(v) = 2*v**2 + 4*v - 2. List the prime factors of g(-8).
2, 47
Let d(c) = -c. Let w(u) = -u**3 - 3*u**2 + 7*u - 3. Let y(s) = -6*d(s) - w(s). Let n be y(-4). Let l = 19 + n. What are the prime factors of l?
2, 5
Let l = 136 - 83. What are the prime factors of l?
53
Let r be -1 + 1 - (-10)/(-1). Suppose -4*s = -7*p + 3*p + 52, 0 = 5*s + 2*p + 93. Let m = r - s. What are the prime factors of m?
7
Suppose -2*q - 2*c = -132, -q = 2*c - 4*c - 81. Suppose -3*b + v = -q, 2*b + 0*v - 51 = -3*v. List the prime factors of b.
2, 3
Suppose -5*v + 21 = 3*j - 32, -2*j + 32 = 3*v. List the prime factors of v.
2, 5
Let z be 2/3 - (-497)/(-21). Let w = z - -32. What are the prime factors of w?
3
Let z = 84 + 10. List the prime factors of z.
2, 47
Let y(t) = -t - 4. Let n be y(-4). Suppose 0 = -n*d - d. Suppose 5*k + 5*z = 85, 3*k + 0*k + 5*z - 59 = d. What are the prime factors of k?
13
Let f = 1 + 41. List the prime factors of f.
2, 3, 7
Let o = -46 - -73. Let d = -83 - -98. Let i = o - d. What are the prime factors of i?
2, 3
Let z(a) = -6*a + 2. List the prime factors of z(0).
2
Let y(f) = 3*f**2 - 6*f + 5. Let d(b) = b + 7. Let i be d(-5). Let a(p) = -p**2. Let c(o) = i*a(o) + y(o). What are the prime factors of c(6)?
5
Let f = -6 + 8. Suppose 5*x - 185 = -3*h - f*h, 5*h + 2*x - 179 = 0. What are the prime factors of h?
5, 7
Suppose -4*b - 4*t = 60, 3*t = 2*b - b + 11. Let s = b - -38. List the prime factors of s.
2, 3
Suppose 4*v = -5*s + s + 20, 2*v + 20 = 3*s. Let y(u) = u**3 - 5*u**2 - 5*u - 2. List the prime factors of y(s).
2
Let k = -11 + 21. Suppose -f = -k - 4. List the prime factors of f.
2, 7
What are the prime factors of 276/7 + (-21)/49?
3, 13
Suppose s - 3*s = -262. Suppose 0 = 2*q + 4*n - 60, 2*q + 2*q - s = 3*n. What are the prime factors of q?
2
Suppose -2*p - x + 1 = 2*x, -p - 7 = 4*x. What are the prime factors of p?
5
Suppose -4*r = -5*c + 108, 2*r - 21 - 75 = -5*c. List the prime factors of c.
2, 5
Suppose 0 = -5*t - 0*t + 110. List the prime factors of t.
2, 11
Let b be (-5)/(-3) - 7/(-21). Let p(j) = j**3 + 6*j**2 - 9*j + 2. Let m be p(-7). List the prime factors of (m*(3 + -2))/b.
2
Suppose -5*g - 5*v + 50 = 0, 0 = 3*g - 6*g + v + 22. List the prime factors of g.
2
Suppose -28*y + 68 = -27*y. What are the prime factors of y?
2, 17
Suppose h - 3 = -0. Suppose 0 = h*k - k. Suppose -3*f + k*f + 24 = 0. List the prime factors of f.
2
Let p(o) = -5*o**3 - 6*o**2 + 10*o + 11. Let v(q) = -4*q**3 - 6*q**2 + 9*q + 10. Let h(n) = 5*p(n) - 6*v(n). List the prime factors of h(4).
11
Suppose 5*s + 2*g = 210, -2*g + 45 = 4*s - 121. Suppose -2*r + s = -6*r. Let u = r + 18. List the prime factors of u.
7
Let g be 259/2 + (-6)/(-12). Suppose -5*a + g = -3*q, 0 = -5*a + 5*q - q + 125. What are the prime factors of a?
29
Let c = 3 + 125. What are the prime factors of c?
2
Let s(n) = 4*n**2 + 2*n - 1. Let q be s(1). Suppose -2*y + 3*c = -18 + 1, -22 = 3*y + q*c. What are the prime factors of (-1 + -11 + y)*-1?
11
Let m be 136/(-6)*(-18)/(-4). What are the prime factors of m/(3/(-1)) + 1?
5, 7
Suppose -3*p - 3*y = -15, 4*p - 4*y - 27 = 1. What are the prime factors of p?
2, 3
What are the prime factors of 117/2 - (-1)/2?
59
Let x = 4 - 4. Suppose x + 4 = -2*c. What are the prime factors of c/11 - 79/(-11)?
7
Suppose -8*w + 3*w + 40 = 0. Let v = w + 7. What are the prime factors of v?
3, 5
Let s be -1 + 1 - (2 - 0). Suppose j - 2 = 2. Let k = j - s. What are the prime factors of k?
2, 3
Let p(z) = -z + 2. Let x be p(2). Let u(i) = 0 + 5 - 3 + x - i. List the prime factors of u(-5).
7
What are the prime factors of ((-945)/14)/(3/(-4))?
2, 3, 5
Let t(i) = -10*i**3 - 2*i**2 + i. Let w be t(-2). Suppose -2*a + 7*a = w. What are the prime factors of a?
2, 7
Let y(s) be the third derivative of s**6/120 - s**5/15 + s**4/12 - s**3 - 2*s**2. Let i be y(4). List the prime factors of 2/3*i*3.
2
Let k(o) = -6*o**2 + o - 1. Let n be k(-2). Let p be 1 + 0 - -1 - 17. Let u = p - n. What are the prime factors of u?
2, 3
Let y be (9 + 0)*4/(-6). Let n = 25 - y. List the prime factors of n.
31
Let k = 19 - 7. Suppose 4*y + 0*y = k. Suppose -2*s + 33 = y*h, 0*s - 4*h + 65 = 5*s. What are the prime factors of s?
3
Suppose -34 = 2*q - 4*q. Suppose -2*p = v - 5*v + 18, -3*v + q = -5*p. List the prime factors of v.
2
List the prime factors of (-12)/(-54) - (-187)/9.
3, 7
Suppose 4*o = 8*o - 124. List the prime factors of o.
31
Let a be (-2 + 15/6)*0. List the prime factors of 3 - (-3 + -15 + a).
3, 7
Let q be ((-20)/(-12))/((-1)/(-3)). Suppose -o = 4*b - 24, -b - 4 = -o + q. Let l = o - 1. What are the prime factors of l?
11
Let k be 1/((-1)/(28 + 1)). Let a = -7 - k. Suppose 4*d + o = 44, -2*d + a = -d + 3*o. What are the prime factors of d?
2, 5
Suppose -3*h = -h - 22. List the prime factors of h + (-3 - 0/1).
2
Let y(r) = 30*r**2 - 8*r - 1. What are the prime factors of y(2)?
103
Suppose 5*c + 16 = -v + 6, -2*v + 3*c = -32. Suppose 0 = 2*u - 7*u - v. Let i(r) = -5*r - 2. List the prime factors of i(u).
2
Suppose -1 = 4*s + 3. Let x(f) = -6*f**2 + 3*f + 2. Let g(b) = -b**2 + b + 1. Let v(h) = s*x(h) + 2*g(h). List the prime factors of v(-1).
5
Let u(m) = m + 1. Let b(d) = -17*d - 1. Let h(t) = b(t) + 2*u(t). List the prime factors of h(-1).
2
Suppose 4*k - 187 - 45 = -3*t, 5*t + 4*k = 376. What are the prime factors of t?
2, 3
Let k(m) = 4*m - 12*m**2 + m**3 + 7 - 6*m + 7*m + 6*m. List the prime factors of k(11).
7
Let q = 20 - -3. List the prime factors of q.
23
Suppose 1001 = 12*g - 1927. What are the prime factors of g?
2, 61
Let q = -112 - -164. List the prime factors of q.
2, 13
Suppose -2*f + 388 = 128. What are the prime factors of f?
2, 5, 13
Let t be (-16)/6*(-6)/(-4). List the prime factors of (-2)/t + 13/2.
7
Let l = -7 - -9. Suppose -21 + 63 = 2*o - 3*u, 14 = o + l*u. What are the prime factors of o?
2, 3
Suppose -25 = -6*n + n. Suppose 4*w = 8*w + 4*v - 36, n*v + 7 = -w. Suppose -3*d = -w + 1. List the prime factors of d.
2
Let l(j) = 6*j**2 + 3*j - 3. What are the prime factors of l(-4)?
3
Let p(j) = 8*j + 1. Let v be p(2). Suppose -3*g = -0*i - i + 25, -v = -i - g. What are the prime factors of i?
19
Sup